 Determine x(g).
6
Let r(q) = -q**3 + 8*q**2 + 34*q - 25. Let y(d) = -272*d - 1077. Let a be y(-4). Determine r(a).
-14
Let o(i) be the third derivative of -i**6/30 - 2*i**2 - 62. Give o(1).
-4
Let a be ((-70)/42)/(2/24). Let t = -28 - a. Let x(i) = 7 - 2*i - 8 + 10*i + i**3 + 9*i**2 + 6. Give x(t).
5
Suppose 3*q + 5*g + 17 = -17, -3*q - 14 = g. Let x(u) = u**2 + 4*u. Determine x(q).
-3
Let a(f) = 2*f**2 - 8*f + 3. Let p(l) = -2*l**2 + 9*l - 3. Let i(v) = -4*a(v) - 3*p(v). Let y be (-51 + 60)*(-36)/(-81). Give i(y).
-15
Let g be (0 - 1 - (0 - -2))*189/(-567). Let k(s) = 5*s**2 - 5*s + 6. Determine k(g).
6
Let t(l) be the third derivative of 61*l**2 - 1/24*l**4 + 1/6*l**3 + 0*l + 0. What is t(5)?
-4
Let u(r) = -r**2 - 34*r + 146. Let x(f) = -7*f**2 - 240*f + 1027. Let p(v) = 15*u(v) - 2*x(v). Determine p(-34).
0
Let l(w) = 77 - 231 - 6*w**2 - 2*w**3 - 5*w + 3*w**3 + 67 + 77. Let b(v) = v**3 - 5*v**2 - 12*v - 7. Let y be b(7). Give l(y).
4
Let k(s) = 11*s - 12. Let u(b) = b - 2. Let h(c) = k(c) - 4*u(c). Give h(3).
17
Let h(o) = o**3 - 5*o**2 - 8*o + 3. Let b(y) = -y**3 + 2*y**2 + 17*y. Let i be b(5). Suppose 8 = 3*z + 2*q, 4*z = 8*q - i*q + 14. Give h(z).
-9
Let v(j) = -j**3 - j**2 + 2*j + 90. Let s = 898 + -898. Determine v(s).
90
Let t(n) = -61*n**2 - 9*n + 46. Let b(i) = -11*i**2 - i + 9. Let u(c) = 11*b(c) - 2*t(c). Let g(d) = -d**2 + 8*d - 5. Let x be g(8). Give u(x).
-3
Let l(y) = 2*y - 5. Let c = 11 + 26. Let x = -35 + c. Suppose -5*w - x + 37 = 0. Calculate l(w).
9
Let t = 28648 - 28622. Let u(m) = 5*m - 42. What is u(t)?
88
Let z(t) be the first derivative of -8*t**3/3 - t**2 - t + 56. Let j be 1*(28/4 - 1). Suppose -j*a = -7*a - 1. Calculate z(a).
-7
Let t(n) = n**3 - 85*n**2 - 259*n - 432. Let y be t(88). Let p(o) = 3*o - 26. Calculate p(y).
-2
Let t(z) = -6*z**2 - 53*z - 39. Suppose -17*m - 38 - 58 = 40. Give t(m).
1
Let n(r) = r**3 - 7*r**2 - r + 5. Let a(w) be the third derivative of w**5/60 + w**4 - 23*w**3 - 2*w**2 - 9. Let j be a(5). What is n(j)?
-2
Let z(t) = 7*t**3 - 3*t**2 - t + 289. Let m(r) = -2*r**3 + r**2 - 95. Let j(q) = 3*m(q) + z(q). Let l be -1 + (3 - (0 + -1)). What is j(l)?
28
Let d(l) be the third derivative of -l**5/20 - l**4/2 - 5*l**3/6 - 246*l**2 + l. What is d(-6)?
-41
Suppose 9*m = 8*m + 20. Let x be ((-46)/8)/((-1)/m). Let i(o) = -5*o - o**2 + x + 0*o**2 - 112 - o. Determine i(-6).
3
Let s(t) = 25*t - 164. Suppose 148 - 178 - 579 = -87*j. Calculate s(j).
11
Let v = -233 - -432. Let g(k) = 201*k + v*k - 5 - k**2 - 407*k. Determine g(-6).
1
Let o(i) = -13*i**3 + 14*i**2 - 10*i - 28. Let p(c) = 37*c**3 - 39*c**2 + 29*c + 82. Let w(y) = -17*o(y) - 6*p(y). Calculate w(-6).
80
Let u(r) = 102*r - 303. Suppose -75*g + 70*g - 4 = 2*d, 5*g + 19 = 3*d. What is u(d)?
3
Let t = -360 + 384. Suppose -2*y - 7*f = -3*f + t, -15 = y + 3*f. Let q(a) = a**2 + 9*a. Calculate q(y).
-18
Let t(a) = -7*a**2 + 34*a + 40. Let y(p) = -11*p**2 + 54*p + 60. Let g(w) = 8*t(w) - 5*y(w). Determine g(-8).
-60
Let a(s) = 5*s**2 - 77*s - 37. Let b be a(16). Let j(p) = p**3 - 12*p**2 + 12*p + 9. Determine j(b).
20
Let u(q) = -q**3 - 4*q**2 + 6*q - 47. Let p be -170 + 170 - (2 - 8)/(-1). What is u(p)?
-11
Let p(f) = f**3 + 31*f**2 + 36*f + 176. Suppose 24*k + 818 = 98. Let u be p(k). Let v(q) = 2*q**2 + 6*q + 2. Determine v(u).
10
Let n = 305 - 284. Suppose n*m = -25 + 4. Let r(t) = 0*t + 0*t + 2*t**2 + t - 8*t**3. Determine r(m).
9
Let v(g) = -34*g**2 - 63*g + 6. Let x be v(-2). Let i(j) = -j**2 - 62*j - 239. What is i(x)?
-7
Let x(l) = -15*l**3 + l**2 + 65 - 19 - 47. Calculate x(1).
-15
Let b(g) = g**3 + 4*g**2 + 2*g + 7. Let l(n) = -n - 1. Let a(p) = b(p) + 2*l(p). Suppose -2*v + y = 5, 8*v + 2*y = 10*v + 2. Determine a(v).
5
Let h(j) = 112*j - 36*j - 3 - 72*j. Determine h(-6).
-27
Suppose 6*r + 4 = 2*r. Let s(i) = -2*i**2 - 7*i**2 + 35*i + 2*i**2 + 34 - 37*i - 35. Give s(r).
-6
Let w(a) = -a**3 - 25*a**2 - a - 1. Let m(q) = -5*q**3 + 42*q**2 + 5*q - 4. Let s(j) = m(j) + w(j). Calculate s(3).
-2
Let j(g) = g + 12. Suppose 5*o + 140 = 4*y, -o - 24 = -2*y + 10. Let c = 37 + o. Suppose 6 = u + c. Determine j(u).
5
Let l(f) = -f**3 - 3*f**2 + 4*f - 10. Let h(b) = 2*b**2 - 38*b + 152. Let z be h(6). Calculate l(z).
-10
Let g = 528 + -435. Suppose 13*d + g - 119 = 0. Let y(f) = -f + 3*f**2 + 0 + 3*f - 3. Give y(d).
13
Let g(t) be the first derivative of -t**4/4 - 5*t**3/3 - 2*t**2 - 4*t - 1. Let f = -28417 + 28414. Calculate g(f).
-10
Let b = -3956 + 3927. Let r(a) = -a**2 - 29*a + 12. Calculate r(b).
12
Let z(g) = -13*g**3 + 102*g**2 + 6*g - 2. Let h(x) = -38*x**3 + 326*x**2 + 19*x - 6. Let s(b) = -5*h(b) + 16*z(b). What is s(2)?
-136
Let b(i) = i**2 - 33*i + 41. Let p(z) = 7*z**2 - 236*z + 288. Let g(s) = -15*b(s) + 2*p(s). What is g(21)?
3
Let j(x) = 22 + 1896*x**2 - 1897*x**2 - 16*x - 11 - 13. What is j(-12)?
46
Let z(p) = -254*p - 26. Let a(o) = o**2 - 311*o - 26. Let b(m) = 4*a(m) - 5*z(m). What is b(-1)?
4
Suppose -4*o - 20 = 4*u, 2*u = 10*o - 5*o + 39. Let q(b) be the third derivative of b**5/60 + b**4/3 + b**3/2 - 66*b**2. What is q(o)?
-4
Suppose 0 = -5*b + m - 6*m + 40, 2*m + 10 = 0. Let u(z) = -1 - b*z + 18*z - 13*z. Suppose 0 = s - 4*d - 14, 0*d + 2*d = s - 6. Determine u(s).
15
Let d(q) = 6*q + 31. Let o be d(-7). Let m be 0 + (-5)/25 + o/(-5). Let j(p) = -18 + 9 + m + 6 + 9*p. Determine j(-1).
-10
Let k(m) = -m**2 + 11*m - 4. Let r(x) = -6*x**2 + 54*x - 21. Let n(b) = 11*k(b) - 2*r(b). Suppose 0 = -5*q - 268*a + 267*a - 80, -3*a = -6*q - 54. Give n(q).
12
Let p(b) = -2*b**3 + 14*b**2 - 30*b + 389. Let d be p(8). Let y(i) = -2*i**2 + 41*i + 22. Give y(d).
1
Let g(j) be the second derivative of -27/2*j**2 + 0 - 6*j - 1/2*j**3. Calculate g(-11).
6
Let i(w) = w**3 + w + 1. Let p(m) = 3*m**3 - 5*m**2 + 9*m + 3. Let d(h) = -14*h + 197. Let v be d(14). Let r(a) = v*p(a) - 4*i(a). Determine r(-6).
5
Let b(h) be the second derivative of h**6/144 + 3*h**5/40 + 7*h**4/2 + 2*h**3/3 - 61*h. Let v(t) be the third derivative of b(t). Determine v(-6).
-21
Suppose -19*g + 15*g = -520. Let t = g + -127. Suppose t = -z + 4*o, -z - 5*o - 2 - 1 = 0. Let a(j) = j**2 + 6*j + 4. Determine a(z).
-5
Suppose 3*c = -0*r - 4*r + 132, -3*r = 5*c - 220. Suppose 39 = 5*p + c. Let q(a) be the third derivative of 2*a**5/15 - a**3/6 - 7*a**2. Determine q(p).
7
Let y(k) = -2*k + 45. Let s(u) be the second derivative of u**3/6 - 11*u**2 - 191*u. Let w(r) = -9*s(r) - 4*y(r). Determine w(14).
4
Let c(x) = -3*x**3 - 3*x**2 + 9*x + 3. Let u be c(-4). Suppose -131 + u = -4*b. Suppose -5*p + 0*p = -b*w + 20, -2*p - 2*w = 0. Let i(s) = -s**2. What is i(p)?
-4
Let s = -131 - 133. Let h = 271 + s. Let g(l) = l**2 - 11*l + 10. What is g(h)?
-18
Let w(g) = g**2 + 3*g + 2. Let z(r) = -2*r**2 - 7*r - 5. Let h(i) = -5*w(i) - 2*z(i). Suppose 5*n + 2*m = -4, 0 = 8*n - 6*n + 2*m - 2. Determine h(n).
-2
Let o(f) = -3*f**2 + 19*f + 62. Let d be o(-3). Let g(r) = -r**3 - 16*r**2 + 133*r + 29. Calculate g(d).
7
Suppose o + 4 = v, v = 3*o + 4 + 2. Let q(u) = 42*u - 160. Let n(d) = -16*d + 60. Let l(a) = 8*n(a) + 3*q(a). Determine l(v).
-6
Let b = -5951 + 5967. Let a(q) = -2*q**2 + 36*q - 63. Give a(b).
1
Let b(q) = -12*q**3 - q. Let a(k) = k**3 - 8*k**2 + 13*k - 43. Let n = -183 + 190. Let r be a(n). Give b(r).
13
Let j = -14745 + 14725. Let o(b) = -8*b - 170. What is o(j)?
-10
Let p = 12 + -18. Let r(c) = c**3 + 7*c**2 + 6*c - 5. Let l be r(p). Let z(y) = 4*y**2 + 17*y + 8*y + 38*y**3 + 12*y - 37*y**3 - 43*y. Give z(l).
5
Let h(s) = s - 20. Suppose 14*l - 930 = -40*l + 312. Determine h(l).
3
Let x = -76 + 154. Suppose c = -2*f - x, 3*f + c + 115 = -0*c. Let y = f + 32. Let o(j) = 2*j + 1. Determine o(y).
-9
Let q(r) be the third derivative of -r**4/8 + r**3/3 + 2*r**2. Let s = 137 + -75. Let g = s - 59. Determine q(g).
-7
Let a(z) = -z**2 + 2*z - 79. Let x = 3411 + -3411. Give a(x).
-79
Let c = -8779 - -8784. Let z(v) be the second derivative of v**5/20 - 5*v**4/12 + v**3/6 - v**2 + 3*v. What is z(c)?
3
Let t(g) = -14*g**3 + 8*g**2 - 6*g - 1. Let l(p) = -3*p**3 + p**2 - p. Let b(m) = 5*l(m) - t(m). Let i be (-2)/(-5) - 34/10. Give b(i).
-2
Suppose 3*i + 3*y - 15 = 0, -3*i - 15783 = -4*y - 15798. Let h(d) be the third derivative of d**3 + 1/60*d**5 + 0 - d**2 + 0*d - 1/3*d**4. Give h(